{"id":2887,"date":"2021-12-15T13:25:03","date_gmt":"2021-12-15T04:25:03","guid":{"rendered":"http:\/\/eumseong.dothome.co.kr\/?page_id=2887"},"modified":"2024-01-18T15:05:26","modified_gmt":"2024-01-18T06:05:26","slug":"%eb%b2%a0%ed%8a%b8%eb%82%a8%ec%96%b4","status":"publish","type":"page","link":"http:\/\/www.escf.or.kr\/?page_id=2887","title":{"rendered":"\ubca0\ud2b8\ub0a8\uc5b4"},"content":{"rendered":"\t\t<div data-elementor-type=\"wp-page\" data-elementor-id=\"2887\" class=\"elementor elementor-2887\">\n\t\t\t\t\t\t<div class=\"elementor-inner\">\n\t\t\t\t<div class=\"elementor-section-wrap\">\n\t\t\t\t\t\t\t\t\t<section class=\"elementor-section elementor-top-section elementor-element elementor-element-48a5c83 elementor-hidden-mobile elementor-section-boxed elementor-section-height-default elementor-section-height-default\" data-id=\"48a5c83\" data-element_type=\"section\" data-settings=\"{&quot;background_background&quot;:&quot;classic&quot;}\">\n\t\t\t\t\t\t<div class=\"elementor-container elementor-column-gap-no\">\n\t\t\t\t\t\t\t<div class=\"elementor-row\">\n\t\t\t\t\t<div class=\"elementor-column elementor-col-100 elementor-top-column elementor-element elementor-element-6a1f3b6\" data-id=\"6a1f3b6\" data-element_type=\"column\" data-settings=\"{&quot;background_background&quot;:&quot;classic&quot;}\">\n\t\t\t<div class=\"elementor-column-wrap elementor-element-populated\">\n\t\t\t\t\t\t\t<div class=\"elementor-widget-wrap\">\n\t\t\t\t\t\t<div class=\"elementor-element elementor-element-fcd027b elementor-nav-menu__align-justify elementor-nav-menu--dropdown-tablet elementor-nav-menu__text-align-aside elementor-nav-menu--toggle elementor-nav-menu--burger elementor-widget elementor-widget-nav-menu\" data-id=\"fcd027b\" data-element_type=\"widget\" data-settings=\"{&quot;layout&quot;:&quot;horizontal&quot;,&quot;submenu_icon&quot;:{&quot;value&quot;:&quot;&lt;i class=\\&quot;fas fa-caret-down\\&quot;&gt;&lt;\\\/i&gt;&quot;,&quot;library&quot;:&quot;fa-solid&quot;},&quot;toggle&quot;:&quot;burger&quot;}\" data-widget_type=\"nav-menu.default\">\n\t\t\t\t<div class=\"elementor-widget-container\">\n\t\t\t\t\t\t<nav migration_allowed=\"1\" migrated=\"0\" role=\"navigation\" class=\"elementor-nav-menu--main elementor-nav-menu__container elementor-nav-menu--layout-horizontal e--pointer-background e--animation-fade\">\n\t\t\t\t<ul id=\"menu-1-fcd027b\" class=\"elementor-nav-menu\"><li class=\"menu-item menu-item-type-post_type menu-item-object-page menu-item-2452\"><a href=\"http:\/\/www.escf.or.kr\/?page_id=2422\" class=\"elementor-item\">\uc774\uc6a9\uc548\ub0b4<\/a><\/li>\n<li class=\"menu-item menu-item-type-post_type menu-item-object-page menu-item-2454\"><a href=\"http:\/\/www.escf.or.kr\/?page_id=2442\" class=\"elementor-item\">\uad50\uc721\ud504\ub85c\uadf8\ub7a8<\/a><\/li>\n<li class=\"menu-item menu-item-type-custom menu-item-object-custom menu-item-4220\"><a href=\"\/?page_id=4120\" class=\"elementor-item\">\uc0c1\ub2f4<\/a><\/li>\n<li class=\"menu-item menu-item-type-post_type menu-item-object-page menu-item-4221\"><a href=\"http:\/\/www.escf.or.kr\/?page_id=4200\" class=\"elementor-item\">\ud504\ub85c\uadf8\ub7a8\uc2e0\uccad<\/a><\/li>\n<\/ul>\t\t\t<\/nav>\n\t\t\t\t\t<div class=\"elementor-menu-toggle\" role=\"button\" tabindex=\"0\" aria-label=\"Menu Toggle\" aria-expanded=\"false\">\n\t\t\t<i aria-hidden=\"true\" role=\"presentation\" class=\"elementor-menu-toggle__icon--open eicon-menu-bar\"><\/i><i aria-hidden=\"true\" role=\"presentation\" class=\"elementor-menu-toggle__icon--close eicon-close\"><\/i>\t\t\t<span class=\"elementor-screen-only\">Menu<\/span>\n\t\t<\/div>\n\t\t\t<nav class=\"elementor-nav-menu--dropdown elementor-nav-menu__container\" role=\"navigation\" aria-hidden=\"true\">\n\t\t\t\t<ul id=\"menu-2-fcd027b\" class=\"elementor-nav-menu\"><li class=\"menu-item menu-item-type-post_type menu-item-object-page menu-item-2452\"><a href=\"http:\/\/www.escf.or.kr\/?page_id=2422\" class=\"elementor-item\" tabindex=\"-1\">\uc774\uc6a9\uc548\ub0b4<\/a><\/li>\n<li class=\"menu-item menu-item-type-post_type menu-item-object-page menu-item-2454\"><a href=\"http:\/\/www.escf.or.kr\/?page_id=2442\" class=\"elementor-item\" tabindex=\"-1\">\uad50\uc721\ud504\ub85c\uadf8\ub7a8<\/a><\/li>\n<li class=\"menu-item menu-item-type-custom menu-item-object-custom menu-item-4220\"><a href=\"\/?page_id=4120\" class=\"elementor-item\" tabindex=\"-1\">\uc0c1\ub2f4<\/a><\/li>\n<li class=\"menu-item menu-item-type-post_type menu-item-object-page menu-item-4221\"><a href=\"http:\/\/www.escf.or.kr\/?page_id=4200\" class=\"elementor-item\" tabindex=\"-1\">\ud504\ub85c\uadf8\ub7a8\uc2e0\uccad<\/a><\/li>\n<\/ul>\t\t\t<\/nav>\n\t\t\t\t<\/div>\n\t\t\t\t<\/div>\n\t\t\t\t\t\t<\/div>\n\t\t\t\t\t<\/div>\n\t\t<\/div>\n\t\t\t\t\t\t\t\t<\/div>\n\t\t\t\t\t<\/div>\n\t\t<\/section>\n\t\t\t\t<section class=\"elementor-section elementor-top-section elementor-element elementor-element-3b6cebc elementor-section-boxed elementor-section-height-default elementor-section-height-default\" data-id=\"3b6cebc\" data-element_type=\"section\">\n\t\t\t\t\t\t<div class=\"elementor-container elementor-column-gap-no\">\n\t\t\t\t\t\t\t<div class=\"elementor-row\">\n\t\t\t\t\t<div class=\"elementor-column elementor-col-100 elementor-top-column elementor-element elementor-element-763ae2d\" data-id=\"763ae2d\" data-element_type=\"column\" data-settings=\"{&quot;background_background&quot;:&quot;classic&quot;}\">\n\t\t\t<div class=\"elementor-column-wrap elementor-element-populated\">\n\t\t\t\t\t\t\t<div class=\"elementor-widget-wrap\">\n\t\t\t\t\t\t<div class=\"elementor-element elementor-element-84893d9 elementor-nav-menu__align-justify elementor-nav-menu--dropdown-tablet elementor-nav-menu__text-align-aside elementor-nav-menu--toggle elementor-nav-menu--burger elementor-widget elementor-widget-nav-menu\" data-id=\"84893d9\" data-element_type=\"widget\" data-settings=\"{&quot;layout&quot;:&quot;horizontal&quot;,&quot;submenu_icon&quot;:{&quot;value&quot;:&quot;&lt;i class=\\&quot;fas fa-caret-down\\&quot;&gt;&lt;\\\/i&gt;&quot;,&quot;library&quot;:&quot;fa-solid&quot;},&quot;toggle&quot;:&quot;burger&quot;}\" data-widget_type=\"nav-menu.default\">\n\t\t\t\t<div class=\"elementor-widget-container\">\n\t\t\t\t\t\t<nav migration_allowed=\"1\" migrated=\"0\" role=\"navigation\" class=\"elementor-nav-menu--main elementor-nav-menu__container elementor-nav-menu--layout-horizontal e--pointer-underline e--animation-grow\">\n\t\t\t\t<ul id=\"menu-1-84893d9\" class=\"elementor-nav-menu\"><li class=\"menu-item menu-item-type-post_type menu-item-object-page menu-item-3312\"><a href=\"http:\/\/www.escf.or.kr\/?page_id=3309\" class=\"elementor-item\">\ud55c\uad6d\uc5b4<\/a><\/li>\n<li class=\"menu-item menu-item-type-post_type menu-item-object-page menu-item-2894\"><a href=\"http:\/\/www.escf.or.kr\/?page_id=2883\" class=\"elementor-item\">\uc601\uc5b4<\/a><\/li>\n<li class=\"menu-item menu-item-type-post_type menu-item-object-page menu-item-2895\"><a href=\"http:\/\/www.escf.or.kr\/?page_id=2885\" class=\"elementor-item\">\uc911\uad6d\uc5b4<\/a><\/li>\n<li class=\"menu-item menu-item-type-post_type menu-item-object-page menu-item-2896\"><a href=\"http:\/\/www.escf.or.kr\/?page_id=2887\" class=\"elementor-item\">\ubca0\ud2b8\ub0a8\uc5b4<\/a><\/li>\n<li class=\"menu-item menu-item-type-post_type menu-item-object-page menu-item-2897\"><a href=\"http:\/\/www.escf.or.kr\/?page_id=2889\" class=\"elementor-item\">\ub124\ud314\uc5b4<\/a><\/li>\n<li class=\"menu-item menu-item-type-post_type menu-item-object-page menu-item-2898\"><a href=\"http:\/\/www.escf.or.kr\/?page_id=2891\" class=\"elementor-item\">\ub7ec\uc2dc\uc544\uc5b4<\/a><\/li>\n<\/ul>\t\t\t<\/nav>\n\t\t\t\t\t<div class=\"elementor-menu-toggle\" role=\"button\" tabindex=\"0\" aria-label=\"Menu Toggle\" aria-expanded=\"false\">\n\t\t\t<i aria-hidden=\"true\" role=\"presentation\" class=\"elementor-menu-toggle__icon--open eicon-menu-bar\"><\/i><i aria-hidden=\"true\" role=\"presentation\" class=\"elementor-menu-toggle__icon--close eicon-close\"><\/i>\t\t\t<span class=\"elementor-screen-only\">Menu<\/span>\n\t\t<\/div>\n\t\t\t<nav class=\"elementor-nav-menu--dropdown elementor-nav-menu__container\" role=\"navigation\" aria-hidden=\"true\">\n\t\t\t\t<ul id=\"menu-2-84893d9\" class=\"elementor-nav-menu\"><li class=\"menu-item menu-item-type-post_type menu-item-object-page menu-item-3312\"><a href=\"http:\/\/www.escf.or.kr\/?page_id=3309\" class=\"elementor-item\" tabindex=\"-1\">\ud55c\uad6d\uc5b4<\/a><\/li>\n<li class=\"menu-item menu-item-type-post_type menu-item-object-page menu-item-2894\"><a href=\"http:\/\/www.escf.or.kr\/?page_id=2883\" class=\"elementor-item\" tabindex=\"-1\">\uc601\uc5b4<\/a><\/li>\n<li class=\"menu-item menu-item-type-post_type menu-item-object-page menu-item-2895\"><a href=\"http:\/\/www.escf.or.kr\/?page_id=2885\" class=\"elementor-item\" tabindex=\"-1\">\uc911\uad6d\uc5b4<\/a><\/li>\n<li class=\"menu-item menu-item-type-post_type menu-item-object-page menu-item-2896\"><a href=\"http:\/\/www.escf.or.kr\/?page_id=2887\" class=\"elementor-item\" tabindex=\"-1\">\ubca0\ud2b8\ub0a8\uc5b4<\/a><\/li>\n<li class=\"menu-item menu-item-type-post_type menu-item-object-page menu-item-2897\"><a href=\"http:\/\/www.escf.or.kr\/?page_id=2889\" class=\"elementor-item\" tabindex=\"-1\">\ub124\ud314\uc5b4<\/a><\/li>\n<li class=\"menu-item menu-item-type-post_type menu-item-object-page menu-item-2898\"><a href=\"http:\/\/www.escf.or.kr\/?page_id=2891\" class=\"elementor-item\" tabindex=\"-1\">\ub7ec\uc2dc\uc544\uc5b4<\/a><\/li>\n<\/ul>\t\t\t<\/nav>\n\t\t\t\t<\/div>\n\t\t\t\t<\/div>\n\t\t\t\t\t\t<\/div>\n\t\t\t\t\t<\/div>\n\t\t<\/div>\n\t\t\t\t\t\t\t\t<\/div>\n\t\t\t\t\t<\/div>\n\t\t<\/section>\n\t\t\t\t<section class=\"elementor-section elementor-top-section elementor-element elementor-element-d721694 elementor-section-boxed elementor-section-height-default elementor-section-height-default\" data-id=\"d721694\" data-element_type=\"section\">\n\t\t\t\t\t\t<div class=\"elementor-container elementor-column-gap-default\">\n\t\t\t\t\t\t\t<div class=\"elementor-row\">\n\t\t\t\t\t<div class=\"elementor-column elementor-col-100 elementor-top-column elementor-element elementor-element-8430d14\" data-id=\"8430d14\" data-element_type=\"column\">\n\t\t\t<div class=\"elementor-column-wrap elementor-element-populated\">\n\t\t\t\t\t\t\t<div class=\"elementor-widget-wrap\">\n\t\t\t\t\t\t<div class=\"elementor-element elementor-element-06eea4a elementor-widget elementor-widget-text-editor\" data-id=\"06eea4a\" data-element_type=\"widget\" data-widget_type=\"text-editor.default\">\n\t\t\t\t<div class=\"elementor-widget-container\">\n\t\t\t\t\t\t\t\t<div class=\"elementor-text-editor elementor-clearfix\">\n\t\t\t\t<p>\uad50\uc721\ud504\ub85c\uadf8\ub7a8<\/p>\t\t\t\t\t<\/div>\n\t\t\t\t\t\t<\/div>\n\t\t\t\t<\/div>\n\t\t\t\t<div class=\"elementor-element elementor-element-b7518a6 elementor-widget elementor-widget-text-editor\" data-id=\"b7518a6\" data-element_type=\"widget\" data-widget_type=\"text-editor.default\">\n\t\t\t\t<div class=\"elementor-widget-container\">\n\t\t\t\t\t\t\t\t<div class=\"elementor-text-editor elementor-clearfix\">\n\t\t\t\t<p>\ub354\ubd88\uc5b4 \ud568\uaed8 \ud589\ubcf5\ud55c \uc74c\uc131!<br \/><br \/><\/p>\t\t\t\t\t<\/div>\n\t\t\t\t\t\t<\/div>\n\t\t\t\t<\/div>\n\t\t\t\t\t\t<\/div>\n\t\t\t\t\t<\/div>\n\t\t<\/div>\n\t\t\t\t\t\t\t\t<\/div>\n\t\t\t\t\t<\/div>\n\t\t<\/section>\n\t\t\t\t<section class=\"elementor-section elementor-top-section elementor-element elementor-element-0fd2f22 elementor-section-boxed elementor-section-height-default elementor-section-height-default\" data-id=\"0fd2f22\" data-element_type=\"section\">\n\t\t\t\t\t\t<div class=\"elementor-container elementor-column-gap-no\">\n\t\t\t\t\t\t\t<div class=\"elementor-row\">\n\t\t\t\t\t<div class=\"elementor-column elementor-col-100 elementor-top-column elementor-element elementor-element-6b26e19\" data-id=\"6b26e19\" data-element_type=\"column\">\n\t\t\t<div class=\"elementor-column-wrap elementor-element-populated\">\n\t\t\t\t\t\t\t<div class=\"elementor-widget-wrap\">\n\t\t\t\t\t\t<div class=\"elementor-element elementor-element-5fd1bc7 elementor-widget elementor-widget-image\" data-id=\"5fd1bc7\" data-element_type=\"widget\" data-widget_type=\"image.default\">\n\t\t\t\t<div class=\"elementor-widget-container\">\n\t\t\t\t\t\t\t\t<div class=\"elementor-image\">\n\t\t\t\t\t\t\t\t\t\t\t\t<img decoding=\"async\" width=\"1400\" height=\"166\" src=\"http:\/\/www.escf.or.kr\/wp-content\/uploads\/2024\/01\/topb.jpg\" class=\"attachment-full size-full wp-image-4238\" alt=\"\" loading=\"lazy\" srcset=\"http:\/\/www.escf.or.kr\/wp-content\/uploads\/2024\/01\/topb.jpg 1400w, http:\/\/www.escf.or.kr\/wp-content\/uploads\/2024\/01\/topb-300x36.jpg 300w, http:\/\/www.escf.or.kr\/wp-content\/uploads\/2024\/01\/topb-1024x121.jpg 1024w, http:\/\/www.escf.or.kr\/wp-content\/uploads\/2024\/01\/topb-768x91.jpg 768w\" sizes=\"(max-width: 1400px) 100vw, 1400px\" \/>\t\t\t\t\t\t\t\t\t\t\t\t\t\t<\/div>\n\t\t\t\t\t\t<\/div>\n\t\t\t\t<\/div>\n\t\t\t\t\t\t<\/div>\n\t\t\t\t\t<\/div>\n\t\t<\/div>\n\t\t\t\t\t\t\t\t<\/div>\n\t\t\t\t\t<\/div>\n\t\t<\/section>\n\t\t\t\t<section class=\"elementor-section elementor-top-section elementor-element elementor-element-a4e7e6a elementor-section-boxed elementor-section-height-default elementor-section-height-default\" data-id=\"a4e7e6a\" data-element_type=\"section\">\n\t\t\t\t\t\t<div class=\"elementor-container elementor-column-gap-no\">\n\t\t\t\t\t\t\t<div class=\"elementor-row\">\n\t\t\t\t\t<div class=\"elementor-column elementor-col-50 elementor-top-column elementor-element elementor-element-98136f2\" data-id=\"98136f2\" data-element_type=\"column\">\n\t\t\t<div class=\"elementor-column-wrap elementor-element-populated\">\n\t\t\t\t\t\t\t<div class=\"elementor-widget-wrap\">\n\t\t\t\t\t\t<div class=\"elementor-element elementor-element-3e49600 elementor-widget elementor-widget-text-editor\" data-id=\"3e49600\" data-element_type=\"widget\" data-widget_type=\"text-editor.default\">\n\t\t\t\t<div class=\"elementor-widget-container\">\n\t\t\t\t\t\t\t\t<div class=\"elementor-text-editor elementor-clearfix\">\n\t\t\t\t<p>Gi\u00e1o d\u1ee5c ti\u1ebfng H\u00e0n<\/p>\t\t\t\t\t<\/div>\n\t\t\t\t\t\t<\/div>\n\t\t\t\t<\/div>\n\t\t\t\t<div class=\"elementor-element elementor-element-f9c6c6b elementor-widget elementor-widget-text-editor\" data-id=\"f9c6c6b\" data-element_type=\"widget\" data-widget_type=\"text-editor.default\">\n\t\t\t\t<div class=\"elementor-widget-container\">\n\t\t\t\t\t\t\t\t<div class=\"elementor-text-editor elementor-clearfix\">\n\t\t\t\t<ul><li>L\u1edbp ti\u1ebfng H\u00e0n c\u01a1 b\u1ea3n cho ng\u01b0\u1eddi m\u1edbi b\u1eaft \u0111\u1ea7u<\/li><li>L\u1edbp c\u01a1 b\u1ea3n<\/li><li>L\u1edbp chu\u1ea9n b\u1ecb tr\u01b0\u1edbc \u0111\u00e1nh gi\u00e1 ch\u01b0\u01a1ng tr\u00ecnh h\u00f2a nh\u1eadp x\u00e3 h\u1ed9i<\/li><li>L\u1edbp luy\u1ec7n thi n\u0103ng l\u1ef1c ti\u1ebfng H\u00e0n<\/li><\/ul>\t\t\t\t\t<\/div>\n\t\t\t\t\t\t<\/div>\n\t\t\t\t<\/div>\n\t\t\t\t\t\t<\/div>\n\t\t\t\t\t<\/div>\n\t\t<\/div>\n\t\t\t\t<div class=\"elementor-column elementor-col-50 elementor-top-column elementor-element elementor-element-c731600\" data-id=\"c731600\" data-element_type=\"column\">\n\t\t\t<div class=\"elementor-column-wrap elementor-element-populated\">\n\t\t\t\t\t\t\t<div class=\"elementor-widget-wrap\">\n\t\t\t\t\t\t<div class=\"elementor-element elementor-element-b4c3971 elementor-widget elementor-widget-text-editor\" data-id=\"b4c3971\" data-element_type=\"widget\" data-widget_type=\"text-editor.default\">\n\t\t\t\t<div class=\"elementor-widget-container\">\n\t\t\t\t\t\t\t\t<div class=\"elementor-text-editor elementor-clearfix\">\n\t\t\t\t<p>V\u0103n h\u00f3a<\/p>\t\t\t\t\t<\/div>\n\t\t\t\t\t\t<\/div>\n\t\t\t\t<\/div>\n\t\t\t\t<div class=\"elementor-element elementor-element-9b0f47d elementor-widget elementor-widget-text-editor\" data-id=\"9b0f47d\" data-element_type=\"widget\" data-widget_type=\"text-editor.default\">\n\t\t\t\t<div class=\"elementor-widget-container\">\n\t\t\t\t\t\t\t\t<div class=\"elementor-text-editor elementor-clearfix\">\n\t\t\t\t<ul><li>H\u1ed9i nh\u00f3m \u0111\u1ed3ng h\u01b0\u01a1ng c\u00e1c qu\u1ed1c gia<\/li><li>L\u1ec5 h\u1ed9i Qu\u1ed1c t\u1ebf<\/li><li>D\u1ecbch v\u1ee5 y t\u1ebf mi\u1ec5n ph\u00ed<\/li><li>Kh\u00e1m ph\u00e1 l\u1ecbch s\u1eed H\u00e0n Qu\u1ed1c<\/li><li>Ho\u1ea1t \u0111\u1ed9ng nh\u00f3m t\u00ecnh nguy\u1ec7n (Nh\u00f3m t\u00ecnh nguy\u1ec7n Harmony)<\/li><\/ul>\t\t\t\t\t<\/div>\n\t\t\t\t\t\t<\/div>\n\t\t\t\t<\/div>\n\t\t\t\t\t\t<\/div>\n\t\t\t\t\t<\/div>\n\t\t<\/div>\n\t\t\t\t\t\t\t\t<\/div>\n\t\t\t\t\t<\/div>\n\t\t<\/section>\n\t\t\t\t<section class=\"elementor-section elementor-top-section elementor-element elementor-element-463b7aa elementor-section-boxed elementor-section-height-default elementor-section-height-default\" data-id=\"463b7aa\" data-element_type=\"section\">\n\t\t\t\t\t\t<div class=\"elementor-container elementor-column-gap-no\">\n\t\t\t\t\t\t\t<div class=\"elementor-row\">\n\t\t\t\t\t<div class=\"elementor-column elementor-col-50 elementor-top-column elementor-element elementor-element-7f7cff6\" data-id=\"7f7cff6\" data-element_type=\"column\">\n\t\t\t<div class=\"elementor-column-wrap elementor-element-populated\">\n\t\t\t\t\t\t\t<div class=\"elementor-widget-wrap\">\n\t\t\t\t\t\t<div class=\"elementor-element elementor-element-e0924db elementor-widget elementor-widget-text-editor\" data-id=\"e0924db\" data-element_type=\"widget\" data-widget_type=\"text-editor.default\">\n\t\t\t\t<div class=\"elementor-widget-container\">\n\t\t\t\t\t\t\t\t<div class=\"elementor-text-editor elementor-clearfix\">\n\t\t\t\t<p>L\u1edbp h\u1ecdc ti\u1ebfng H\u00e0n d\u00e0nh cho tr\u1ebb em gia \u0111\u00ecnh ng\u01b0\u1eddi n\u01b0\u1edbc ngo\u00e0i<\/p>\t\t\t\t\t<\/div>\n\t\t\t\t\t\t<\/div>\n\t\t\t\t<\/div>\n\t\t\t\t\t\t<\/div>\n\t\t\t\t\t<\/div>\n\t\t<\/div>\n\t\t\t\t<div class=\"elementor-column elementor-col-50 elementor-top-column elementor-element elementor-element-a2354c7\" data-id=\"a2354c7\" data-element_type=\"column\">\n\t\t\t<div class=\"elementor-column-wrap elementor-element-populated\">\n\t\t\t\t\t\t\t<div class=\"elementor-widget-wrap\">\n\t\t\t\t\t\t<div class=\"elementor-element elementor-element-6b84005 elementor-widget elementor-widget-text-editor\" data-id=\"6b84005\" data-element_type=\"widget\" data-widget_type=\"text-editor.default\">\n\t\t\t\t<div class=\"elementor-widget-container\">\n\t\t\t\t\t\t\t\t<div class=\"elementor-text-editor elementor-clearfix\">\n\t\t\t\t<p>D\u1ef1 \u00e1n ph\u00e1t tri\u1ec3n n\u0103ng l\u1ef1c ngh\u1ec1 nghi\u1ec7p<\/p>\t\t\t\t\t<\/div>\n\t\t\t\t\t\t<\/div>\n\t\t\t\t<\/div>\n\t\t\t\t<div class=\"elementor-element elementor-element-0df1038 elementor-widget elementor-widget-text-editor\" data-id=\"0df1038\" data-element_type=\"widget\" data-widget_type=\"text-editor.default\">\n\t\t\t\t<div class=\"elementor-widget-container\">\n\t\t\t\t\t\t\t\t<div class=\"elementor-text-editor elementor-clearfix\">\n\t\t\t\t<ul><li>L\u1edbp h\u1ecdc m\u00e1y t\u00ednh<\/li><li>L\u1edbp h\u1ecdc l\u00e0m t\u00f3c v\u00e0 l\u00e0m \u0111\u1eb9p<\/li><li>\u0110\u00e0o t\u1ea1o thi\u1ebft b\u1ecb n\u1eb7ng (l\u1edbp v\u1eadn h\u00e0nh xe n\u00e2ng)<\/li><li>L\u1edbp h\u1ecdc n\u1ea5u \u0103n<\/li><\/ul>\t\t\t\t\t<\/div>\n\t\t\t\t\t\t<\/div>\n\t\t\t\t<\/div>\n\t\t\t\t\t\t<\/div>\n\t\t\t\t\t<\/div>\n\t\t<\/div>\n\t\t\t\t\t\t\t\t<\/div>\n\t\t\t\t\t<\/div>\n\t\t<\/section>\n\t\t\t\t<section class=\"elementor-section elementor-top-section elementor-element elementor-element-8802dc1 elementor-section-boxed elementor-section-height-default elementor-section-height-default\" data-id=\"8802dc1\" data-element_type=\"section\">\n\t\t\t\t\t\t<div class=\"elementor-container elementor-column-gap-no\">\n\t\t\t\t\t\t\t<div class=\"elementor-row\">\n\t\t\t\t\t<div class=\"elementor-column elementor-col-50 elementor-top-column elementor-element elementor-element-f8ac71f\" data-id=\"f8ac71f\" data-element_type=\"column\">\n\t\t\t<div class=\"elementor-column-wrap elementor-element-populated\">\n\t\t\t\t\t\t\t<div class=\"elementor-widget-wrap\">\n\t\t\t\t\t\t<div class=\"elementor-element elementor-element-97218bc elementor-widget elementor-widget-text-editor\" data-id=\"97218bc\" data-element_type=\"widget\" data-widget_type=\"text-editor.default\">\n\t\t\t\t<div class=\"elementor-widget-container\">\n\t\t\t\t\t\t\t\t<div class=\"elementor-text-editor elementor-clearfix\">\n\t\t\t\t<p>D\u1ef1 \u00e1n chuy\u00ean m\u00f4n<\/p>\t\t\t\t\t<\/div>\n\t\t\t\t\t\t<\/div>\n\t\t\t\t<\/div>\n\t\t\t\t<div class=\"elementor-element elementor-element-bc8a5ba elementor-widget elementor-widget-text-editor\" data-id=\"bc8a5ba\" data-element_type=\"widget\" data-widget_type=\"text-editor.default\">\n\t\t\t\t<div class=\"elementor-widget-container\">\n\t\t\t\t\t\t\t\t<div class=\"elementor-text-editor elementor-clearfix\">\n\t\t\t\t<ul><li>Thi &amp; Ki\u1ec3m tra b\u1eb1ng l\u00e1i xe \u00f4 t\u00f4<\/li><\/ul>\t\t\t\t\t<\/div>\n\t\t\t\t\t\t<\/div>\n\t\t\t\t<\/div>\n\t\t\t\t\t\t<\/div>\n\t\t\t\t\t<\/div>\n\t\t<\/div>\n\t\t\t\t<div class=\"elementor-column elementor-col-50 elementor-top-column elementor-element elementor-element-3bd0e22\" data-id=\"3bd0e22\" data-element_type=\"column\">\n\t\t\t<div class=\"elementor-column-wrap elementor-element-populated\">\n\t\t\t\t\t\t\t<div class=\"elementor-widget-wrap\">\n\t\t\t\t\t\t<div class=\"elementor-element elementor-element-ffcf5ef elementor-widget elementor-widget-text-editor\" data-id=\"ffcf5ef\" data-element_type=\"widget\" data-widget_type=\"text-editor.default\">\n\t\t\t\t<div class=\"elementor-widget-container\">\n\t\t\t\t\t\t\t\t<div class=\"elementor-text-editor elementor-clearfix\">\n\t\t\t\t<p>Gi\u00e1o d\u1ee5c ph\u00e1p l\u00fd v\u00e0 an to\u00e0n c\u00f4ng nghi\u1ec7p<\/p>\t\t\t\t\t<\/div>\n\t\t\t\t\t\t<\/div>\n\t\t\t\t<\/div>\n\t\t\t\t\t\t<\/div>\n\t\t\t\t\t<\/div>\n\t\t<\/div>\n\t\t\t\t\t\t\t\t<\/div>\n\t\t\t\t\t<\/div>\n\t\t<\/section>\n\t\t\t\t<section class=\"elementor-section elementor-top-section elementor-element elementor-element-6b70cc8 elementor-section-boxed elementor-section-height-default elementor-section-height-default\" data-id=\"6b70cc8\" data-element_type=\"section\">\n\t\t\t\t\t\t<div class=\"elementor-container elementor-column-gap-no\">\n\t\t\t\t\t\t\t<div class=\"elementor-row\">\n\t\t\t\t\t<div class=\"elementor-column elementor-col-50 elementor-top-column elementor-element elementor-element-557651d\" data-id=\"557651d\" data-element_type=\"column\">\n\t\t\t<div class=\"elementor-column-wrap elementor-element-populated\">\n\t\t\t\t\t\t\t<div class=\"elementor-widget-wrap\">\n\t\t\t\t\t\t<div class=\"elementor-element elementor-element-c1da5df elementor-widget elementor-widget-text-editor\" data-id=\"c1da5df\" data-element_type=\"widget\" data-widget_type=\"text-editor.default\">\n\t\t\t\t<div class=\"elementor-widget-container\">\n\t\t\t\t\t\t\t\t<div class=\"elementor-text-editor elementor-clearfix\">\n\t\t\t\t<p>B\u1ed9 T\u01b0 ph\u00e1p ch\u1ec9 \u0111\u1ecbnh<\/p>\t\t\t\t\t<\/div>\n\t\t\t\t\t\t<\/div>\n\t\t\t\t<\/div>\n\t\t\t\t<div class=\"elementor-element elementor-element-64114de elementor-widget elementor-widget-text-editor\" data-id=\"64114de\" data-element_type=\"widget\" data-widget_type=\"text-editor.default\">\n\t\t\t\t<div class=\"elementor-widget-container\">\n\t\t\t\t\t\t\t\t<div class=\"elementor-text-editor elementor-clearfix\">\n\t\t\t\t<ul><li>Ch\u01b0\u01a1ng tr\u00ecnh h\u00f2a nh\u1eadp x\u00e3 h\u1ed9i(KIIP)<\/li><li>Ch\u01b0\u01a1ng tr\u00ecnh th\u00edch nghi s\u1edbm<\/li><\/ul>\t\t\t\t\t<\/div>\n\t\t\t\t\t\t<\/div>\n\t\t\t\t<\/div>\n\t\t\t\t\t\t<\/div>\n\t\t\t\t\t<\/div>\n\t\t<\/div>\n\t\t\t\t<div class=\"elementor-column elementor-col-50 elementor-top-column elementor-element elementor-element-4a7f47d\" data-id=\"4a7f47d\" data-element_type=\"column\">\n\t\t\t<div class=\"elementor-column-wrap elementor-element-populated\">\n\t\t\t\t\t\t\t<div class=\"elementor-widget-wrap\">\n\t\t\t\t\t\t<div class=\"elementor-element elementor-element-e29c3d9 elementor-widget elementor-widget-text-editor\" data-id=\"e29c3d9\" data-element_type=\"widget\" data-widget_type=\"text-editor.default\">\n\t\t\t\t<div class=\"elementor-widget-container\">\n\t\t\t\t\t\t\t\t<div class=\"elementor-text-editor elementor-clearfix\">\n\t\t\t\t<p>H\u1ed7 tr\u1ee3 t\u01b0 v\u1ea5n v\u00e0 phi\u00ean d\u1ecbch . bi\u00ean d\u1ecbch<\/p>\t\t\t\t\t<\/div>\n\t\t\t\t\t\t<\/div>\n\t\t\t\t<\/div>\n\t\t\t\t<div class=\"elementor-element elementor-element-5e9fcfe elementor-widget elementor-widget-text-editor\" data-id=\"5e9fcfe\" data-element_type=\"widget\" data-widget_type=\"text-editor.default\">\n\t\t\t\t<div class=\"elementor-widget-container\">\n\t\t\t\t\t\t\t\t<div class=\"elementor-text-editor elementor-clearfix\">\n\t\t\t\t<ul><li>H\u1ed7 tr\u1ee3 t\u01b0 v\u1ea5n v\u00e0 phi\u00ean d\u1ecbch . bi\u00ean d\u1ecbch<\/li><\/ul>\t\t\t\t\t<\/div>\n\t\t\t\t\t\t<\/div>\n\t\t\t\t<\/div>\n\t\t\t\t\t\t<\/div>\n\t\t\t\t\t<\/div>\n\t\t<\/div>\n\t\t\t\t\t\t\t\t<\/div>\n\t\t\t\t\t<\/div>\n\t\t<\/section>\n\t\t\t\t\t\t\t\t\t<\/div>\n\t\t\t<\/div>\n\t\t\t\t\t<\/div>\n\t\t","protected":false},"excerpt":{"rendered":"<p>\uad50\uc721\ud504\ub85c\uadf8\ub7a8 \ub354\ubd88\uc5b4 \ud568\uaed8 \ud589\ubcf5\ud55c \uc74c\uc131! Gi\u00e1o d\u1ee5c ti\u1ebfng H\u00e0n L\u1edbp ti\u1ebfng H\u00e0n c\u01a1 b\u1ea3n cho ng\u01b0\u1eddi m\u1edbi b\u1eaft \u0111\u1ea7u L\u1edbp c\u01a1 b\u1ea3n L\u1edbp chu\u1ea9n b\u1ecb tr\u01b0\u1edbc \u0111\u00e1nh gi\u00e1 ch\u01b0\u01a1ng tr\u00ecnh h\u00f2a nh\u1eadp x\u00e3 h\u1ed9i L\u1edbp luy\u1ec7n thi n\u0103ng l\u1ef1c ti\u1ebfng H\u00e0n V\u0103n h\u00f3a H\u1ed9i nh\u00f3m \u0111\u1ed3ng h\u01b0\u01a1ng c\u00e1c qu\u1ed1c gia L\u1ec5 h\u1ed9i Qu\u1ed1c t\u1ebf D\u1ecbch [&hellip;]<\/p>\n","protected":false},"author":58,"featured_media":0,"parent":0,"menu_order":0,"comment_status":"closed","ping_status":"closed","template":"elementor_header_footer","meta":[],"_links":{"self":[{"href":"http:\/\/www.escf.or.kr\/index.php?rest_route=\/wp\/v2\/pages\/2887"}],"collection":[{"href":"http:\/\/www.escf.or.kr\/index.php?rest_route=\/wp\/v2\/pages"}],"about":[{"href":"http:\/\/www.escf.or.kr\/index.php?rest_route=\/wp\/v2\/types\/page"}],"author":[{"embeddable":true,"href":"http:\/\/www.escf.or.kr\/index.php?rest_route=\/wp\/v2\/users\/58"}],"replies":[{"embeddable":true,"href":"http:\/\/www.escf.or.kr\/index.php?rest_route=%2Fwp%2Fv2%2Fcomments&post=2887"}],"version-history":[{"count":9,"href":"http:\/\/www.escf.or.kr\/index.php?rest_route=\/wp\/v2\/pages\/2887\/revisions"}],"predecessor-version":[{"id":4259,"href":"http:\/\/www.escf.or.kr\/index.php?rest_route=\/wp\/v2\/pages\/2887\/revisions\/4259"}],"wp:attachment":[{"href":"http:\/\/www.escf.or.kr\/index.php?rest_route=%2Fwp%2Fv2%2Fmedia&parent=2887"}],"curies":[{"name":"wp","href":"https:\/\/api.w.org\/{rel}","templated":true}]}}